 + 188. Let n = b + -18. Calculate the remainder when 115 is divided by n.
28
Let d = -1 - -13. Suppose 7*c - 114 = 6*c. Suppose -4*s + 2*q + 296 - c = 0, -2*s + 2*q + 88 = 0. What is the remainder when s is divided by d?
11
Let j = -609 - -676. Calculate the remainder when 331 is divided by j.
63
Suppose -7*j = -3*m - 12*j + 44, 4*m - 62 = -5*j. Calculate the remainder when 268 is divided by m.
16
Suppose -8 - 17 = -5*q. Suppose a + 2*a + 4*w = 82, q*a + 5*w = 135. What is the remainder when 46 is divided by a?
20
Let r(x) = 11*x - 21. Let a = -10 + 17. Calculate the remainder when r(a) is divided by 19.
18
Suppose 13*j + 586 = 2627. What is the remainder when j is divided by 41?
34
Suppose 5*o = -3*h + 243, 4*h - 483 = -2*o - 145. Calculate the remainder when h is divided by 33.
20
Let r = 11 - -7. Suppose -4*p = -16 - 320. Calculate the remainder when p is divided by r.
12
Suppose 151*z = 216*z - 5330. Suppose 0 = -g - 4*x - 0*x + 30, -4*g + 36 = -5*x. What is the remainder when z is divided by g?
12
Let r(o) = -3*o - 14. Let x be (132/2 - -3) + -3. Let p = x + -39. What is the remainder when r(-22) is divided by p?
25
Suppose -95 = 73*t - 78*t. What is the remainder when 131 is divided by t?
17
Suppose 4*o = 4*z + 8, 2*z = o + 4*z + 1. Suppose -x = -i + o + 7, -2*x = -10. Calculate the remainder when 35 is divided by i.
9
Let j(t) = -3*t**3 - t**2 + t - 1. Let r be j(1). What is the remainder when ((-2)/r)/(7/168) is divided by 7?
5
Suppose 0 = -2*k + 6. Let n be 33/9 - 4/6. Suppose -2*s - t = -0*s - 13, n*t = -5*s + 34. What is the remainder when s is divided by k?
2
Suppose 240*l = 236*l + 44. Let p(n) = n + 2. Let s be p(-1). Suppose -2*k = -4*f - 27 + 11, f = -s. What is the remainder when l is divided by k?
5
Suppose 6*c = 4*c - 3*h + 219, 318 = 3*c + h. Suppose -a = a - 72. What is the remainder when c is divided by a?
33
Let h(a) be the third derivative of -a**5/60 - 2*a**4/3 - 11*a**3/2 + 28*a**2 + 1. Calculate the remainder when h(-11) is divided by 8.
6
Let p(w) = 4*w**2 + 74*w + 12. What is the remainder when 4048 is divided by p(-19)?
48
Let q = 121 - 56. Suppose -u = -2*g - 15, 4*g = 2*u + 2*u - 76. Calculate the remainder when q is divided by u.
19
Suppose 3*b = -0*b. Let f be b/((-6)/3)*-1. Calculate the remainder when 2 is divided by f - (-3 + 2 + 0).
0
What is the remainder when 131 is divided by -5 + 57 - (-10)/(-2)?
37
Suppose k = c - 0*c + 34, -5*c = 4*k - 136. Calculate the remainder when 166 is divided by k.
30
Let u(h) = 2*h**2 + 7*h - 2. Let j be u(-5). Suppose k - p - 27 = -2*k, -2*k = p - j. Calculate the remainder when 69 is divided by k.
5
Let l(g) = g**3 - 8*g**2 + 9*g - 10. Let z be l(7). Let f = 7 - z. Suppose 2*c - r - 100 = -c, 120 = f*c + 3*r. What is the remainder when 104 is divided by c?
34
Suppose u - r + 15 = 4*r, 0 = 5*u + 3*r - 9. Suppose 2*h + 25 = 5*p + 121, u = -5*p. Suppose w - 20 = -w. Calculate the remainder when h is divided by w.
8
Let u(r) = 3*r - 4. Let a = 60 + -138. Calculate the remainder when ((-6)/(-12))/((-1)/a) is divided by u(6).
11
Suppose 0 = -0*f + f + 3*l - 17, 3*f + l = 11. Let g = f + 16. Let b = -34 + 69. Calculate the remainder when b is divided by g.
17
Suppose -n + 34 = 4*m - 228, 2*m - 2*n = 126. Calculate the remainder when m is divided by 59.
6
Let c(u) = -u**3 - 11*u**2 + 6*u - 7. Let a be c(-10). Let k = -55 - a. What is the remainder when k is divided by 23?
20
Suppose 5*r - 5*z + 3*z = 436, r + 4*z - 74 = 0. Suppose 4*n - r = 58. What is the remainder when 28 is divided by (5/(-3))/((-6)/n)?
8
Let r = -172 + 284. What is the remainder when r is divided by 19?
17
Let t = -281 + 332. Calculate the remainder when 51 is divided by t.
0
Let i = -496 + 881. Suppose 7*d + 15 = 9*d + t, 4*t = 4*d - 12. Suppose -d*o = -o - i. What is the remainder when o is divided by 20?
17
Let f(k) be the third derivative of k**5/30 + 7*k**4/12 + 11*k**3/2 + 40*k**2. Calculate the remainder when 56 is divided by f(-6).
14
Suppose 19 + 26 = x + 3*g, 0 = -3*x - 3*g + 165. What is the remainder when x is divided by (200/12 + -16)*21*1?
4
Let x = -77 + 119. Calculate the remainder when x is divided by 11.
9
Let d be 2*3 - (11 + -7). Suppose l = -d*m + 8, m + l - 2*l - 10 = 0. What is the remainder when 23 is divided by m?
5
Suppose 4*m - 54 - 2 = 0. Let a be 96*(-8)/(-10) + (-4)/(-20). Let c = -36 + a. Calculate the remainder when c is divided by m.
13
Suppose 0 = m - 0*m + 3, -4*m = -2*t + 70. Let g = -66 - -72. What is the remainder when t is divided by g?
5
Let r = -62 + 106. Suppose -2*g = -3*b + 59, 8*b - 5*g - 21 = 6*b. Calculate the remainder when r is divided by b.
21
Suppose 78 = i + 3*z, -2*i = -16*z + 12*z - 116. Calculate the remainder when i is divided by 34.
32
Let z be (209 + 1)*4/10. What is the remainder when 120 is divided by z/8*3 + (-5)/10?
27
Suppose 5*x + 22 + 138 = 0. Let h = x + 60. What is the remainder when h is divided by 5?
3
Let u = 161 - 95. Calculate the remainder when 197 is divided by u.
65
Let t(g) = g**3 + 10*g**2 - 6*g - 15. What is the remainder when t(-10) is divided by 42?
3
Let x = 119 + -44. Let t = -20 - -54. Let o = 53 - t. Calculate the remainder when x is divided by o.
18
Let b(q) = -q**2 - 12*q. Let a = 11 - -3. Suppose -a = -g + 29. Calculate the remainder when g is divided by b(-11).
10
Let o(p) = 32*p - 137. What is the remainder when o(10) is divided by 9?
3
Suppose -27*l + 590 = 104. What is the remainder when 68 is divided by l?
14
Suppose 10*u + 6*u = 0. Suppose -5*t + u*b + 774 = 2*b, 4 = 2*b. What is the remainder when t is divided by 26?
24
Suppose 54 = -6*q + 564. Let v = 110 - q. What is the remainder when v is divided by 13?
12
Let s = 14 + -16. Suppose 2*w - 12 = -2*w. What is the remainder when s/(-5)*(-50)/(-5) is divided by w?
1
Let q = -1419 + 1489. What is the remainder when q is divided by 37?
33
Let l = -1449 + 1999. Calculate the remainder when l is divided by 37.
32
Let d = 60 - 48. Suppose 2*h - d + 3 = -l, 4*l - 31 = -3*h. Suppose 2*b = 3 - 11, 3*b = 3*j - 84. Calculate the remainder when j is divided by l.
3
Suppose 5*v = -7*v + 2268. Suppose 0 = 6*b + b - v. What is the remainder when b is divided by 16?
11
Let l = 3 - -5. Let x(k) = -4*k**2 + l*k**2 + 4*k**2 - 3*k**2 - 5 + k. Calculate the remainder when x(-4) is divided by 18.
17
Suppose -s = 2*v + 6, -4*v - s - 6 - 4 = 0. Let j(r) = -3*r**3 - 3*r**2 - 4*r - 2. What is the remainder when 5/(10/146) + -3 is divided by j(v)?
16
Calculate the remainder when 40 is divided by 2*((-14)/105 - 518/(-60)).
6
Let k(t) = 10*t + 67. Let h(a) = -3*a - 22. Let x(y) = -7*h(y) - 2*k(y). Let z be x(0). What is the remainder when 100 is divided by (-138)/(-4) - 10/z?
32
What is the remainder when 208 is divided by (4899/115)/(6/10)?
66
Calculate the remainder when 27 is divided by -2 - -36*(-6 - 20/(-3)).
5
Let z(c) = -2*c - 5*c - 5*c - 1 - c. Let l be z(3). What is the remainder when l/(-22) - (-10)/55 is divided by 1?
0
Let b(a) = 3*a - 26. Let s be b(11). Suppose r - 44 = s. What is the remainder when r is divided by 14?
9
Calculate the remainder when 101 is divided by ((-2)/10*9)/((-75)/875).
17
Let m(t) = -68*t + 149. What is the remainder when 556 is divided by m(2)?
10
Suppose -4*i + 7 = 3*i. Calculate the remainder when 87 is divided by ((i - 1) + 10)/((-10)/(-15)).
12
Suppose 0*h + 60 = 5*h. Suppose 0*t + 3*t - h = 0. Suppose 5*c - 50 = -t*o, 26 = 4*c - 3*o - 45. What is the remainder when 26 is divided by c?
12
Let p(m) = -m**3 - 8*m**2 + 7*m + 6. Let z be p(-8). Let w = 91 + z. Suppose d - 8 = 14. Calculate the remainder when w is divided by d.
19
Let d = -1770 - -1784. Suppose 3*c = c - 4. Calculate the remainder when 1/c - 55/(-2) is divided by d.
13
Let f = 156 - 150. Calculate the remainder when 35 is divided by f.
5
Suppose -5*i + 2*y + 0*y + 110 = 0, 3*y = -3*i + 45. Let s = -100 + 175. What is the remainder when s is divided by i?
15
Suppose 7087 + 10769 = 96*i. What is the remainder when i is divided by 56?
18
Let o = 14822 + -14777. Suppose 19 = j - 10. What is the remainder when o is divided by j?
16
Let y = 2 + 3. Suppose 77 = 3*o - 5*b, -4*o - y*b = -b - 92. What is the remainder when 94 is divided by o?
22
Suppose 0 = 6*p - 9*p + 72. Suppose 0 = 2*i - 2*z - 